{"id":1952,"date":"2017-11-27T09:08:33","date_gmt":"2017-11-27T12:08:33","guid":{"rendered":"https:\/\/dpg.crp.ufv.br\/?page_id=1952"},"modified":"2022-11-17T14:45:06","modified_gmt":"2022-11-17T17:45:06","slug":"equipamentos-multiusuarios","status":"publish","type":"page","link":"https:\/\/dpg.crp.ufv.br\/?page_id=1952","title":{"rendered":"Equipamentos Multiusu\u00e1rios"},"content":{"rendered":"<p>A Diretoria de Pesquisa do\u00a0<em>Campus<\/em>\u00a0Rio Parana\u00edba, por meio de seus Equipamentos Multiusu\u00e1rios, disponibiliza infraestrutura em t\u00e9cnicas anal\u00edticas, com o objetivo de viabilizar e fomentar pesquisas cient\u00edficas e tecnol\u00f3gicas na UFV\/CRP e outras institui\u00e7\u00f5es de pesquisa. Sendo utilizados, tamb\u00e9m, ao atendimento de atividades de ensino em n\u00edvel de gradua\u00e7\u00e3o e p\u00f3s-gradua\u00e7\u00e3o, extens\u00e3o e desenvolvimento com setor produtivo.<\/p>\n<style type=\"text\/css\" scoped>.rbs_gallery_6a03d0f32b27fSpinner{\r\n\t\t\t\tmargin: 50px auto;\r\n\t\t\t\twidth: 50px;\r\n\t\t\t\theight: 40px;\r\n\t\t\t\ttext-align: center;\r\n\t\t\t\tfont-size: 10px;\r\n\t\t\t}\r\n\t\t\t.rbs_gallery_6a03d0f32b27fSpinner > div{\r\n\t\t\t  background-color: #333;\r\n\t\t\t  height: 100%;\r\n\t\t\t  width: 6px;\r\n\t\t\t  display: inline-block;\r\n\t\t\t  -webkit-animation: rbs_gallery_6a03d0f32b27f-stretchdelay 1.2s infinite ease-in-out;\r\n\t\t\t  animation: rbs_gallery_6a03d0f32b27f-stretchdelay 1.2s infinite ease-in-out;\r\n\t\t\t}\r\n\t\t\t.rbs_gallery_6a03d0f32b27fSpinner .rbs_gallery_6a03d0f32b27fRect2 {\r\n\t\t\t  -webkit-animation-delay: -1.1s;\r\n\t\t\t  animation-delay: -1.1s;\r\n\t\t\t}\r\n\t\t\t.rbs_gallery_6a03d0f32b27fSpinner .rbs_gallery_6a03d0f32b27fRect3 {\r\n\t\t\t  -webkit-animation-delay: -1.0s;\r\n\t\t\t  animation-delay: -1.0s;\r\n\t\t\t}\r\n\t\t\t.rbs_gallery_6a03d0f32b27fSpinner .rbs_gallery_6a03d0f32b27fRect4 {\r\n\t\t\t  -webkit-animation-delay: -0.9s;\r\n\t\t\t  animation-delay: -0.9s;\r\n\t\t\t}\r\n\t\t\t.rbs_gallery_6a03d0f32b27fSpinner .rbs_gallery_6a03d0f32b27fRect5 {\r\n\t\t\t  -webkit-animation-delay: -0.8s;\r\n\t\t\t  animation-delay: -0.8s;\r\n\t\t\t}\r\n\t\t\t@-webkit-keyframes rbs_gallery_6a03d0f32b27f-stretchdelay {\r\n\t\t\t  0%, 40%, 100% { -webkit-transform: scaleY(0.4) }  \r\n\t\t\t  20% { -webkit-transform: scaleY(1.0) }\r\n\t\t\t}\r\n\t\t\t@keyframes rbs_gallery_6a03d0f32b27f-stretchdelay {\r\n\t\t\t  0%, 40%, 100% { \r\n\t\t\t    transform: scaleY(0.4);\r\n\t\t\t    -webkit-transform: scaleY(0.4);\r\n\t\t\t  }  20% { \r\n\t\t\t    transform: scaleY(1.0);\r\n\t\t\t    -webkit-transform: scaleY(1.0);\r\n\t\t\t  }\r\n\t\t\t}\r\n\t\t<\/style><div class=\"robo-gallery-wrap robo-gallery-wrap-id2384 robo-gallery-grid\" ><div id=\"rbs_gallery_6a03d0f32b27f-block-loader\" class=\"rbs_gallery_6a03d0f32b27fSpinner\"><div class=\"rbs_gallery_6a03d0f32b27fRect1\"><\/div> <div class=\"rbs_gallery_6a03d0f32b27fRect2\"><\/div> <div class=\"rbs_gallery_6a03d0f32b27fRect3\"><\/div> <div class=\"rbs_gallery_6a03d0f32b27fRect4\"><\/div> <div class=\"rbs_gallery_6a03d0f32b27fRect5\"><\/div><\/div><div id=\"robo_gallery_main_block_rbs_gallery_6a03d0f32b27f\" class=\"robogallery-gallery-2384\" style=\"width:100%;  display: none;\"><div id=\"rbs_gallery_6a03d0f32b27f\" data-options=\"rbs_gallery_6a03d0f32b27f\" style=\"width:100%;\" class=\"robo_gallery  \"><div class=\"rbs-img  category2384 \" ><div class=\"rbs-img-image   rbs-lightbox \" ><div class=\"rbs-img-thumbs\"  data-thumbnail=\"https:\/\/dpg.crp.ufv.br\/wp-content\/uploads\/Difratometro-de-raio-X-300x225.jpg\"  title=\"Difratometro de raio X\"  data-width=\"300\"  data-height=\"225\" ><\/div><div class=\"rbs-img-data-popup\"  data-popup=\"https:\/\/dpg.crp.ufv.br\/wp-content\/uploads\/Difratometro-de-raio-X.jpg\"  title=\"Difratometro de raio X\" ><\/div><div class=\"thumbnail-overlay\"><div class=\"rbsTitle \">Difratometro de raio X<\/div><div class=\"rbsIcons\"><i class=\"fa fa-search-plus rbsZoomIcon \" ><\/i><\/div><\/div><\/div><\/div><div class=\"rbs-img  category2384 \" ><div class=\"rbs-img-image   rbs-lightbox \" ><div class=\"rbs-img-thumbs\"  data-thumbnail=\"https:\/\/dpg.crp.ufv.br\/wp-content\/uploads\/Equipamentos-Biopotenciostato-300x225.jpg\"  title=\"Biopotenciostato\"  data-width=\"300\"  data-height=\"225\" ><\/div><div class=\"rbs-img-data-popup\"  data-popup=\"https:\/\/dpg.crp.ufv.br\/wp-content\/uploads\/Equipamentos-Biopotenciostato.jpg\"  title=\"Biopotenciostato\" ><\/div><div class=\"thumbnail-overlay\"><div class=\"rbsTitle \">Biopotenciostato<\/div><div class=\"rbsIcons\"><i class=\"fa fa-search-plus rbsZoomIcon \" ><\/i><\/div><\/div><\/div><\/div><div class=\"rbs-img  category2384 \" ><div class=\"rbs-img-image   rbs-lightbox \" ><div class=\"rbs-img-thumbs\"  data-thumbnail=\"https:\/\/dpg.crp.ufv.br\/wp-content\/uploads\/Fitotron-225x300.jpg\"  title=\"Fitotron\"  data-width=\"225\"  data-height=\"300\" ><\/div><div class=\"rbs-img-data-popup\"  data-popup=\"https:\/\/dpg.crp.ufv.br\/wp-content\/uploads\/Fitotron.jpg\"  title=\"Fitotron\" ><\/div><div class=\"thumbnail-overlay\"><div class=\"rbsTitle \">Fitotron<\/div><div class=\"rbsIcons\"><i class=\"fa fa-search-plus rbsZoomIcon \" ><\/i><\/div><\/div><\/div><\/div><div class=\"rbs-img  category2384 \" ><div class=\"rbs-img-image   rbs-lightbox \" ><div class=\"rbs-img-thumbs\"  data-thumbnail=\"https:\/\/dpg.crp.ufv.br\/wp-content\/uploads\/Equipamentos-Cluster-de-computadores-multiusu\u00e1rio-300x225.jpg\"  title=\"Cluster de computadores\"  data-width=\"300\"  data-height=\"225\" ><\/div><div class=\"rbs-img-data-popup\"  data-popup=\"https:\/\/dpg.crp.ufv.br\/wp-content\/uploads\/Equipamentos-Cluster-de-computadores-multiusu\u00e1rio.jpg\"  title=\"Cluster de computadores\" ><\/div><div class=\"thumbnail-overlay\"><div class=\"rbsTitle \">Cluster de computadores<\/div><div class=\"rbsIcons\"><i class=\"fa fa-search-plus rbsZoomIcon \" ><\/i><\/div><\/div><\/div><\/div><div class=\"rbs-img  category2384 \" ><div class=\"rbs-img-image   rbs-lightbox \" ><div class=\"rbs-img-thumbs\"  data-thumbnail=\"https:\/\/dpg.crp.ufv.br\/wp-content\/uploads\/CG-Ms-300x225.jpg\"  title=\"CG Ms\"  data-width=\"300\"  data-height=\"225\" ><\/div><div class=\"rbs-img-data-popup\"  data-popup=\"https:\/\/dpg.crp.ufv.br\/wp-content\/uploads\/CG-Ms.jpg\"  title=\"CG Ms\" ><\/div><div class=\"thumbnail-overlay\"><div class=\"rbsTitle \">CG Ms<\/div><div class=\"rbsIcons\"><i class=\"fa fa-search-plus rbsZoomIcon \" ><\/i><\/div><\/div><\/div><\/div><div class=\"rbs-img  category2384 \" ><div class=\"rbs-img-image   rbs-lightbox \" ><div class=\"rbs-img-thumbs\"  data-thumbnail=\"https:\/\/dpg.crp.ufv.br\/wp-content\/uploads\/HPLC-300x200.jpg\"  title=\"HPLC\"  data-width=\"300\"  data-height=\"200\" ><\/div><div class=\"rbs-img-data-popup\"  data-popup=\"https:\/\/dpg.crp.ufv.br\/wp-content\/uploads\/HPLC.jpg\"  title=\"HPLC\" ><\/div><div class=\"thumbnail-overlay\"><div class=\"rbsTitle \">HPLC<\/div><div class=\"rbsIcons\"><i class=\"fa fa-search-plus rbsZoomIcon \" ><\/i><\/div><\/div><\/div><\/div><div class=\"rbs-img  category2384 \" ><div class=\"rbs-img-image   rbs-lightbox \" ><div class=\"rbs-img-thumbs\"  data-thumbnail=\"https:\/\/dpg.crp.ufv.br\/wp-content\/uploads\/Absorcao-atomica-300x215.jpg\"  title=\"Absor\u00e7\u00e3o at\u00f4mica\"  data-width=\"300\"  data-height=\"215\" ><\/div><div class=\"rbs-img-data-popup\"  data-popup=\"https:\/\/dpg.crp.ufv.br\/wp-content\/uploads\/Absorcao-atomica.jpg\"  title=\"Absor\u00e7\u00e3o at\u00f4mica\" ><\/div><div class=\"thumbnail-overlay\"><div class=\"rbsTitle \">Absor\u00e7\u00e3o at\u00f4mica<\/div><div class=\"rbsIcons\"><i class=\"fa fa-search-plus rbsZoomIcon \" ><\/i><\/div><\/div><\/div><\/div><div class=\"rbs-img  category2384 \" ><div class=\"rbs-img-image   rbs-lightbox \" ><div class=\"rbs-img-thumbs\"  data-thumbnail=\"https:\/\/dpg.crp.ufv.br\/wp-content\/uploads\/ICP-300x168.png\"  title=\"ICP\"  data-width=\"300\"  data-height=\"168\" ><\/div><div class=\"rbs-img-data-popup\"  data-popup=\"https:\/\/dpg.crp.ufv.br\/wp-content\/uploads\/ICP.png\"  title=\"ICP\" ><\/div><div class=\"thumbnail-overlay\"><div class=\"rbsTitle \">ICP<\/div><div class=\"rbsIcons\"><i class=\"fa fa-search-plus rbsZoomIcon \" ><\/i><\/div><\/div><\/div><\/div><div class=\"rbs-img  category2384 \" ><div class=\"rbs-img-image   rbs-lightbox \" ><div class=\"rbs-img-thumbs\"  data-thumbnail=\"https:\/\/dpg.crp.ufv.br\/wp-content\/uploads\/FT-IR-300x146.jpg\"  title=\"FT-IR\"  data-width=\"300\"  data-height=\"146\" ><\/div><div class=\"rbs-img-data-popup\"  data-popup=\"https:\/\/dpg.crp.ufv.br\/wp-content\/uploads\/FT-IR.jpg\"  title=\"FT-IR\" ><\/div><div class=\"thumbnail-overlay\"><div class=\"rbsTitle \">FT-IR<\/div><div class=\"rbsIcons\"><i class=\"fa fa-search-plus rbsZoomIcon \" ><\/i><\/div><\/div><\/div><\/div><div class=\"rbs-img  category2384 \" ><div class=\"rbs-img-image   rbs-lightbox \" ><div class=\"rbs-img-thumbs\"  data-thumbnail=\"https:\/\/dpg.crp.ufv.br\/wp-content\/uploads\/UPLC-300x225.jpg\"  title=\"UPLC\"  data-width=\"300\"  data-height=\"225\" ><\/div><div class=\"rbs-img-data-popup\"  data-popup=\"https:\/\/dpg.crp.ufv.br\/wp-content\/uploads\/UPLC.jpg\"  title=\"UPLC\" ><\/div><div class=\"thumbnail-overlay\"><div class=\"rbsTitle \">UPLC<\/div><div class=\"rbsIcons\"><i class=\"fa fa-search-plus rbsZoomIcon \" ><\/i><\/div><\/div><\/div><\/div><div class=\"rbs-img  category2384 \" ><div class=\"rbs-img-image   rbs-lightbox \" ><div class=\"rbs-img-thumbs\"  data-thumbnail=\"https:\/\/dpg.crp.ufv.br\/wp-content\/uploads\/Equipamentos-Sistema-de-Captura-de-Imagens-com-microsc\u00f3pio-invertido-e1668704348797-225x300.jpg\"  title=\"Sistema de Captura de Imagens com microsc\u00f3pio invertido\"  data-width=\"225\"  data-height=\"300\" ><\/div><div class=\"rbs-img-data-popup\"  data-popup=\"https:\/\/dpg.crp.ufv.br\/wp-content\/uploads\/Equipamentos-Sistema-de-Captura-de-Imagens-com-microsc\u00f3pio-invertido-e1668704348797.jpg\"  title=\"Sistema de Captura de Imagens com microsc\u00f3pio invertido\" ><\/div><div class=\"thumbnail-overlay\"><div class=\"rbsTitle \">Sistema de Captura de Imagens com microsc\u00f3pio invertido<\/div><div class=\"rbsIcons\"><i class=\"fa fa-search-plus rbsZoomIcon \" ><\/i><\/div><\/div><\/div><\/div><div class=\"rbs-img  category2384 \" ><div class=\"rbs-img-image   rbs-lightbox \" ><div class=\"rbs-img-thumbs\"  data-thumbnail=\"https:\/\/dpg.crp.ufv.br\/wp-content\/uploads\/Equipamentos-Microsc\u00f3pio-biol\u00f3gico-BX41-300x225.jpg\"  title=\"Microsc\u00f3pio biol\u00f3gico BX41\"  data-width=\"300\"  data-height=\"225\" ><\/div><div class=\"rbs-img-data-popup\"  data-popup=\"https:\/\/dpg.crp.ufv.br\/wp-content\/uploads\/Equipamentos-Microsc\u00f3pio-biol\u00f3gico-BX41.jpg\"  title=\"Microsc\u00f3pio biol\u00f3gico BX41\" ><\/div><div class=\"thumbnail-overlay\"><div class=\"rbsTitle \">Microsc\u00f3pio biol\u00f3gico BX41<\/div><div class=\"rbsIcons\"><i class=\"fa fa-search-plus rbsZoomIcon \" ><\/i><\/div><\/div><\/div><\/div><div class=\"rbs-img  category2384 \" ><div class=\"rbs-img-image   rbs-lightbox \" ><div class=\"rbs-img-thumbs\"  data-thumbnail=\"https:\/\/dpg.crp.ufv.br\/wp-content\/uploads\/Equipamentos-PCR-Quantitativo-em-tempo-real-225x300.jpg\"  title=\"Sistema de detec\u00e7\u00e3o por PCR em tempo real (qPCR)\"  data-width=\"225\"  data-height=\"300\" ><\/div><div class=\"rbs-img-data-popup\"  data-popup=\"https:\/\/dpg.crp.ufv.br\/wp-content\/uploads\/Equipamentos-PCR-Quantitativo-em-tempo-real.jpg\"  title=\"Sistema de detec\u00e7\u00e3o por PCR em tempo real (qPCR)\" ><\/div><div class=\"thumbnail-overlay\"><div class=\"rbsTitle \">Sistema de detec\u00e7\u00e3o por PCR em tempo real (qPCR)<\/div><div class=\"rbsIcons\"><i class=\"fa fa-search-plus rbsZoomIcon \" ><\/i><\/div><\/div><\/div><\/div><div class=\"rbs-img  category2384 \" ><div class=\"rbs-img-image   rbs-lightbox \" ><div class=\"rbs-img-thumbs\"  data-thumbnail=\"https:\/\/dpg.crp.ufv.br\/wp-content\/uploads\/ultrapurificador-de-agua-300x225.jpg\"  title=\"Ultrapurificador de agua\"  data-width=\"300\"  data-height=\"225\" ><\/div><div class=\"rbs-img-data-popup\"  data-popup=\"https:\/\/dpg.crp.ufv.br\/wp-content\/uploads\/ultrapurificador-de-agua.jpg\"  title=\"Ultrapurificador de agua\" ><\/div><div class=\"thumbnail-overlay\"><div class=\"rbsTitle \">Ultrapurificador de agua<\/div><div class=\"rbsIcons\"><i class=\"fa fa-search-plus rbsZoomIcon \" ><\/i><\/div><\/div><\/div><\/div><\/div><\/div><\/div><script>var rbs_gallery_6a03d0f32b27f = {\"version\":\"5.0.7\",\"id\":2384,\"class\":\"id2384\",\"roboGalleryDelay\":1000,\"mainContainer\":\"#robo_gallery_main_block_rbs_gallery_6a03d0f32b27f\",\"loadingContainer\":\"#rbs_gallery_6a03d0f32b27f-block-loader\",\"loadingContainerObj\":\"rbs_gallery_6a03d0f32b27f-block-loader\",\"columnWidth\":\"auto\",\"columns\":3,\"resolutions\":[{\"columnWidth\":\"auto\",\"columns\":3,\"maxWidth\":960},{\"columnWidth\":\"auto\",\"columns\":2,\"maxWidth\":650},{\"columnWidth\":\"auto\",\"columns\":1,\"maxWidth\":450}],\"lightboxOptions\":{\"gallery\":{\"enabled\":true,\"tCounter\":\"%curr% of %total%\"}},\"borderSize\":5,\"overlayEffect\":\"direction-aware-fade\",\"boxesToLoadStart\":12,\"boxesToLoad\":8,\"waitUntilThumbLoads\":1,\"LoadingWord\":\"Loading...\",\"loadMoreWord\":\"Load More\",\"noMoreEntriesWord\":\"No More Entries\",\"horizontalSpaceBetweenBoxes\":15,\"verticalSpaceBetweenBoxes\":15,\"lazyLoad\":1,\"wrapContainer\":\"#robo-gallery-wrap-rbs_gallery_6a03d0f32b27f\"};<\/script>\n<p align=\"justify\"><b>Difrat\u00f4metro de raio X &#8211; <\/b><span style=\"color: #000000;\">O difrat\u00f4metro (marca SHIMADZU, modelo DRX-6000) realiza medidas de difra\u00e7\u00e3o de raios-x de p\u00f3 em amostras s\u00f3lidas, em \u00e2ngulos baixos at\u00e9 80 graus. As amostras devem ser trituradas em almofariz de \u00e1gata e peneiradas na escala do mesh.<\/span><\/p>\n<p><span style=\"color: #000000;\">Dispon\u00edvel no Laborat\u00f3rio Multiusu\u00e1rio 1 do Centro Integrado de Pesquisas (CIP 101).<\/span><\/p>\n<p><span style=\"color: #000000;\">Professor Coordenador: Jairo Tronto (jairotronto@ufv.br)<\/span><\/p>\n<p><b>Biopotenciostato &#8211; <\/b><span style=\"color: #000000;\">O<\/span><span style=\"color: #000000;\"> potenciostato \u00e9 um equipamento que mede a corrente resultante em um sistema atrav\u00e9s da aplica\u00e7\u00e3o de potencial. Atrav\u00e9s do controle de potencial, \u00e9 poss\u00edvel controlar rea\u00e7\u00f5es eletroqu\u00edmicas, catalisando ou inibindo essas rea\u00e7\u00f5es. \u00c9 conectado a uma c\u00e9lula eletroqu\u00edmica, contendo tr\u00eas eletrodos (eletrodos de trabalho, de refer\u00eancia e auxiliar).<\/span><\/p>\n<p><span style=\"color: #000000;\">Dispon\u00edvel no Laborat\u00f3rio Multiusu\u00e1rio 2 do Centro Integrado de Pesquisas (CIP 103)<\/span><\/p>\n<p><span style=\"color: #000000;\">Professor Coordenador: Sidney Xavier dos Santos (sidney.santos@ufv.br)<\/span><\/p>\n<p align=\"justify\"><b>Fitotron<\/b> &#8211; <span style=\"color: #000000;\">A c\u00e2mara permite a incuba\u00e7\u00e3o de materiais biol\u00f3gicos, armazenamento de cultura de tecidos, armazenamento de meio e condicionamento de produ\u00e7\u00e3o de plantas. <\/span><\/p>\n<p><span style=\"color: #000000;\">Dispon\u00edvel no Centro Integrado de Pesquisas (CIP). <\/span><\/p>\n<p><span style=\"color: #000000;\">Professor Coordenador: Luciano Bueno dos Reis (luciano.bueno@ufv.br)<\/span><\/p>\n<p align=\"justify\"><b>C<\/b><b>luster de computadores &#8211; <\/b><span style=\"color: #000000;\"><b>\u00c9<\/b><\/span><span style=\"color: #000000;\"> formado por 10 computadores marca\/modelo LENOVO RD450, INTEL XEON E5-2630 V3, 64GB, HD 600GB. Este cluster consiste em uma conex\u00e3o de computadores em paralelo o que permite maior poder de c\u00e1lculo. Cada computador possui processadores de alto desempenho e 64Gb de mem\u00f3ria RAM, cada um. Pode ser acessado de forma remota, via terminal, conectado \u00e0 rede VPN da UFV, de qualquer parte do mundo.<\/span><\/p>\n<p><span style=\"color: #000000;\">Dispon\u00edvel no Centro Integrado de Pesquisas (CIP 207). <\/span><\/p>\n<p><span style=\"color: #000000;\">Professores Coordenadores: Pablo Damasceno Borges (pabloborges@ufv.br), Jo\u00e3o Fernando Mari (joaof.mari@ufv.br)<\/span><\/p>\n<p><span style=\"color: #000000;\"><b>Cromat\u00f3grafo a g\u00e1s com detector de massas (GCMS) &#8211; <\/b><\/span><span style=\"color: #000000;\">Dispon\u00edvel no Laborat\u00f3rio Multiusu\u00e1rio 2 do Centro Integrado de Pesquisas (CIP 103).<\/span><\/p>\n<p><span style=\"color: #000000;\">Professores coordenadores: V\u00e2nia Maria Moreira Valente (vvalente@ufv.br); Geraldo Humberto Silva (silvagh@ufv.br)<\/span><\/p>\n<p><span style=\"color: #000000;\"><b>Cromat\u00f3grafo l\u00edquido de alta efici\u00eancia (HPLC) &#8211; <\/b>Os sistemas de HPLC s\u00e3o utilizados em uma ampla variedade de campos de aplica\u00e7\u00e3o.<\/span><\/p>\n<p><span style=\"color: #000000;\">Dispon\u00edvel no Laborat\u00f3rio Multiusu\u00e1rio 2 do Centro Integrado de Pesquisas (CIP 103).<\/span><\/p>\n<p><span style=\"color: #000000;\">Professor Coordenador: Geraldo Humberto Silva (silvagh@ufv.br)<\/span><\/p>\n<p><span style=\"color: #000000;\"><b>Absor\u00e7\u00e3o at\u00f4mica &#8211;<\/b>O espectr\u00f4metro de absor\u00e7\u00e3o at\u00f4mica (Marca Varian, modelo AA240FS) \u00e9 usado para determina\u00e7\u00f5es quantitativas de elementos (metais, semi-metais e alguns n\u00e3o metais) em uma ampla variedade de amostras, tais como materiais biol\u00f3gicos, ambientais, alimentos, geol\u00f3gicos, tecnol\u00f3gicos, entre outros. Marca Varian, modelo AA240FS.<\/span><\/p>\n<p><span style=\"color: #000000;\">Dispon\u00edvel no Laborat\u00f3rio Multiusu\u00e1rio de Espectrometria (LAE 230).<\/span><\/p>\n<p><span style=\"color: #000000;\">Professor Coordenador: Frederico Garcia Pinto (frederico.pinto@ufv.br)<\/span><\/p>\n<p align=\"justify\"><span style=\"color: #000000;\"><b>Espectr\u00f4metro de Emiss\u00e3o \u00d3ptica com Plasma Indutivamente Acoplado (ICP OES) &#8211;<\/b>A t\u00e9cnica ICP OES pode ser usada para determina\u00e7\u00f5es de esp\u00e9cies em solu\u00e7\u00e3o (mg\/L ou \u00b5g\/L) em amostras l\u00edquidas. O ICP OES \u00e9 uma t\u00e9cnica de detec\u00e7\u00e3o multielementar que utiliza uma fonte de plasma para excitar os \u00e1tomos ao ponto de emitirem f\u00f3tons de luz em comprimentos de onda caracter\u00edsticos e espec\u00edficos de um determinado elemento. O n\u00famero de f\u00f3tons produzidos est\u00e1 diretamente relacionado \u00e0 concentra\u00e7\u00e3o desse elemento na amostra. <\/span><\/p>\n<p><span style=\"color: #000000;\">Dispon\u00edvel no Laborat\u00f3rio Multiusu\u00e1rio de Espectrometria (LAE 230).<\/span><\/p>\n<p><span style=\"color: #000000;\">Professora Coordenadora: Fernanda Santiago Chaves Soares (fernanda.santiago@ufv.br)<\/span><\/p>\n<p><span style=\"color: #000000;\"><b>Espectrofot\u00f4metro de infravermelho (FT-IR) &#8211; <\/b>O espectrof\u00f4metro Marca Jasco, Modelo 4100, com transformada de Fourier, realiza medidas nas regi\u00f5es do MIR (m\u00e9dio, varredura de 4000 a 400 cm-1). Nesse equipamento pode ser realizado medidas de amostras s\u00f3lidas. \u00c9 uma t\u00e9cnica largamente utilizada na caracteriza\u00e7\u00e3o de pequenas mol\u00e9culas inorg\u00e2nicas e org\u00e2nicas, f\u00e1rmacos, de catalisadores, de nanopart\u00edculas, de complexos organomet\u00e1licos e outras subst\u00e2ncias.<\/span><\/p>\n<p><span style=\"color: #000000;\">Dispon\u00edvel no Laborat\u00f3rio Multiusu\u00e1rio 2 do Centro Integrado de Pesquisas (CIP 103).<\/span><\/p>\n<p><span style=\"color: #000000;\">Professor Coordenador: Jairo Tronto (jairotronto@ufv.br)<\/span><\/p>\n<p align=\"justify\"><span style=\"color: #000000;\"><b>Cromat\u00f3grafo em fase l\u00edquida de alta perfomance (UPLC) &#8211; <\/b>O 1260 Infinity II LC System \u00e9 um HPLC robusto com bomba quatern\u00e1ria que opera a at\u00e9 600 bar, podendo ser utilizado at\u00e9 mesmo em purifica\u00e7\u00f5es anal\u00edticas e semipreparativas. Al\u00e9m disso, o sistema conta com um detector de diodo que permite a aquisi\u00e7\u00e3o de dados de alta qualidade e pode ser acoplado aos espectr\u00f4metros de massas para an\u00e1lises de LC-MS.<\/span><\/p>\n<p><span style=\"color: #000000;\">Dispon\u00edvel no Centro Integrado de Pesquisas (CIP 305).<\/span><\/p>\n<p><span style=\"color: #000000;\">Professor Coordenador: M\u00e1rcio Santos Soares (marciosoares@ufv.br)<\/span><\/p>\n<p align=\"justify\"><span style=\"color: #000000;\"><b>Sistema de Captura de Imagens com microsc\u00f3pio invertido &#8211; <\/b>Microsc\u00f3pio invertido com c\u00e2mera acoplada, possibilitando observa\u00e7\u00f5es em campo claro, fluoresc\u00eancia e contraste de fase.<\/span><\/p>\n<p><span style=\"color: #000000;\">Dispon\u00edvel no Centro Integrado de Pesquisas (CIP 307).<\/span><\/p>\n<p><span style=\"color: #000000;\">Professor Coordenador: M\u00e1rcio Correa Pereira (marlon.pereira@ufv.br)<\/span><\/p>\n<p><span style=\"color: #000000;\"><b>Sistema de captura de imagens com microsc\u00f3pio BX41 &#8211; <\/b>Microsc\u00f3pio trinocular BX41 com c\u00e2mera acoplada. <\/span><\/p>\n<p><span style=\"color: #000000;\">Dispon\u00edvel no Laborat\u00f3rio de Gen\u00e9tica Ecol\u00f3gica e Evolutiva (CRP 108).<\/span><\/p>\n<p><span style=\"color: #000000;\">Professores Coordenadores: Rubens Pasa (rpasa@ufv.br); Karine Frehner Kavalco (kavalco@ufv.br)<\/span><\/p>\n<p><span style=\"color: #000000;\"><b>Sistema de detec\u00e7\u00e3o por PCR em tempo real (qPCR) &#8211; <\/b>O Sistema de Detec\u00e7\u00e3o por PCR em Tempo Real CFX96 inclui o termociclador C1000 e o m\u00f3dulo \u00f3ptico CFX96 de rea\u00e7\u00e3o. Permite o estudo de detec\u00e7\u00e3o e quantifica\u00e7\u00e3o de \u00e1cidos nucleicos com discrimina\u00e7\u00e3o al\u00e9lica e diferen\u00e7as de express\u00e3o.<\/span><\/p>\n<p><span style=\"color: #000000;\">Dispon\u00edvel no Centro Integrado de Pesquisas (CIP 111). <\/span><\/p>\n<p><span style=\"color: #000000;\">Professor Coordenador: Pedro Ivo Vieira Good God (pedro.god@ufv.br). <\/span><\/p>\n<p><span style=\"color: #000000;\"><b>Ultrapurificador de \u00e1gua &#8211; <\/b>Sistema de purifica\u00e7\u00e3o de \u00e1gua para diversos fins em pesquisas.<\/span><\/p>\n<p><span style=\"color: #000000;\">Dispon\u00edvel no Centro Integrado de Pesquisas (Sala de destila\u00e7\u00e3o). <\/span><\/p>\n<p><span style=\"color: #000000;\">Servidora T\u00e9cnica Coordenadora: Roberta Gomes Prado Mari (robertaprado@ufv.br). <\/span><\/p>\n<p>&nbsp;<\/p>\n","protected":false},"excerpt":{"rendered":"<p>A Diretoria de Pesquisa do\u00a0Campus\u00a0Rio Parana\u00edba, por meio de seus Equipamentos Multiusu\u00e1rios, disponibiliza infraestrutura em t\u00e9cnicas anal\u00edticas, com o objetivo de viabilizar e fomentar pesquisas cient\u00edficas e tecnol\u00f3gicas na UFV\/CRP e outras institui\u00e7\u00f5es de pesquisa. Sendo utilizados, tamb\u00e9m, ao atendimento de atividades de ensino em n\u00edvel de gradua\u00e7\u00e3o e p\u00f3s-gradua\u00e7\u00e3o, extens\u00e3o e desenvolvimento com setor [&hellip;]<\/p>\n","protected":false},"author":1,"featured_media":0,"parent":1946,"menu_order":0,"comment_status":"closed","ping_status":"closed","template":"","meta":{"footnotes":""},"class_list":["post-1952","page","type-page","status-publish","hentry"],"_links":{"self":[{"href":"https:\/\/dpg.crp.ufv.br\/index.php?rest_route=\/wp\/v2\/pages\/1952","targetHints":{"allow":["GET"]}}],"collection":[{"href":"https:\/\/dpg.crp.ufv.br\/index.php?rest_route=\/wp\/v2\/pages"}],"about":[{"href":"https:\/\/dpg.crp.ufv.br\/index.php?rest_route=\/wp\/v2\/types\/page"}],"author":[{"embeddable":true,"href":"https:\/\/dpg.crp.ufv.br\/index.php?rest_route=\/wp\/v2\/users\/1"}],"replies":[{"embeddable":true,"href":"https:\/\/dpg.crp.ufv.br\/index.php?rest_route=%2Fwp%2Fv2%2Fcomments&post=1952"}],"version-history":[{"count":41,"href":"https:\/\/dpg.crp.ufv.br\/index.php?rest_route=\/wp\/v2\/pages\/1952\/revisions"}],"predecessor-version":[{"id":2408,"href":"https:\/\/dpg.crp.ufv.br\/index.php?rest_route=\/wp\/v2\/pages\/1952\/revisions\/2408"}],"up":[{"embeddable":true,"href":"https:\/\/dpg.crp.ufv.br\/index.php?rest_route=\/wp\/v2\/pages\/1946"}],"wp:attachment":[{"href":"https:\/\/dpg.crp.ufv.br\/index.php?rest_route=%2Fwp%2Fv2%2Fmedia&parent=1952"}],"curies":[{"name":"wp","href":"https:\/\/api.w.org\/{rel}","templated":true}]}}